
4
Let m(v) = -6*v + 563. Let k be m(97). Let c(t) be the second derivative of t**4/12 + 10*t**3/3 + 13*t**2/2 + 2*t. Give c(k).
-6
Let l = -11860 + 11852. Let t(b) = -2*b**2 - 15*b + 4. Give t(l).
-4
Let a(r) be the first derivative of -r**3/3 - 7*r**2/2 + r + 1. Let s be (-10)/(-2)*(-4)/(-4). Suppose -3*z - k = 15, -z - k + 2 = s. Calculate a(z).
7
Let x(u) = 6*u**2 - 11*u + 2. Let q(f) = -f**2 + 4*f - 1. Let i(s) = s**3 - 32*s**2 + 33*s - 56. Let b be i(31). Let t(n) = b*q(n) + 2*x(n). Determine t(-2).
18
Let l(y) be the first derivative of y**4/12 - 7*y**3/6 - 9*y**2/2 - 116*y + 75. Let w(m) be the first derivative of l(m). Calculate w(8).
-1
Let u be 0/(13*24/156). Let n(h) be the third derivative of 1/6*h**3 + 1/6*h**4 + 0*h + 2*h**2 + u. What is n(3)?
13
Let s(m) = -73*m**2 - 20*m - 10. Let w(l) = -41*l**2 - 10*l - 5. Let b(d) = -6*s(d) + 11*w(d). Calculate b(-2).
-67
Let d(k) be the first derivative of -9*k**2/2 + 34*k - 945. Determine d(4).
-2
Let u(z) = -12*z**3 + 36*z**2 + z + 6. Suppose -708 + 279 = -143*k. Calculate u(k).
9
Let o(f) = -f**3 - 8*f**2 + 2*f + 9. Let t be (-2)/(-3)*(2 - -28). Suppose 20*h = 16*h + t. Suppose 8*s - h*s + 24 = 0. Calculate o(s).
-7
Suppose 2*f + 16 = 0, -5*p - 3*f = -4*f - 3. Let k(t) = -9*t**2 + t - 3. Let n(s) = s**2 - s + 1. Let g(y) = k(y) + 2*n(y). Give g(p).
-7
Suppose -5*m + 22 = 5*t + 7, 2*t = -5*m + 6. Let z(y) = -1 + 2 + m + 44*y**2 + y**3 - 45*y**2. Determine z(2).
5
Let x(r) be the third derivative of -r**5/60 + 11*r**4/24 - 17*r**3/3 + r**2 + 368. Determine x(8).
-10
Let j(f) be the third derivative of -f**5/60 - f**4/3 + 7*f**3/6 - 1392*f**2. Suppose 0 = 8*y + 27 + 45. Give j(y).
-2
Let g(b) be the first derivative of b**2/2 + b - 4. Let v(o) = 2. Let x(n) = -46. Let q(d) = 88*v(d) + 4*x(d). Let h(a) = 3*g(a) - q(a). Give h(-8).
-13
Let q(b) be the third derivative of 0*b + 13*b**2 + 7/2*b**3 + 1/12*b**4 + 6. Calculate q(-10).
1
Let m(h) = 8*h**2 + h - 1. Let i = 19 + -23. Let u(q) = -18*q + 2. Let t be u(i). Let o = t - 73. Calculate m(o).
8
Let u(l) = l**2 + 39*l + 97. Let g(q) = 4*q**2 + 155*q + 395. Let x(z) = 3*g(z) - 13*u(z). Determine x(-40).
4
Let m(x) = 13*x**3 - x**2 + 3*x + 1. Suppose 15*k - 64*k - 23 = 26. Determine m(k).
-16
Let z(d) = d**3 - 2*d**2 + 3*d - 4. Let p be 3 + -5 + 20/5. Let s be z(p). Let v(t) = -14*t**s - 6 + 2*t**2 + t**3 + 6*t**2 - 6*t. Calculate v(7).
1
Let q(v) = 7*v**2 + 2*v - 2. Let p = 143 + -140. Suppose -2*m = p*j + 12, -4*m = 5*j - m + 19. Give q(j).
22
Let g(n) = 2*n - 3*n**2 + 3*n**2 + n**3 + 0*n**3 + 8*n**2 - 5. Suppose 2*w = -2*q + q - 12, -w = -5*q - 38. What is g(q)?
-21
Suppose -81*j + 2013 = 102*j. Let k(h) = -h**3 + 12*h**2 - 12*h + 22. What is k(j)?
11
Let q(a) = -a**3 + 9*a - 4*a - 13 + 12*a**2 + 4*a**2 - 6*a - 8*a**2. Calculate q(6).
53
Let x = -375 - -374. Let y(k) = -27*k - 1. Let w(d) = 52*d + 2. Let f(s) = -3*w(s) - 5*y(s). Determine f(x).
20
Let z = -220 - -223. Let t(a) = 5*a + 4. Let n(m) = -2 - 7 - 6*m - 3*m - 2*m. Let j(l) = 2*n(l) + 5*t(l). What is j(z)?
11
Let a(y) = y**2 + 2*y. Let s be a(2). Suppose 0 = -5*f + 5*l, 4*f + s*l = 3*l + 36. Let k(u) = -32 + f*u + 15 - u**2 + 14 - 12*u. What is k(-7)?
4
Suppose 4*c + v - 12 = 0, 4*c + 4*v - 6 - 18 = 0. Let d(i) = 5*i + 1091 - 1091 + i**c. Let t be -3 - (4 + -3) - -1. Determine d(t).
-6
Let b(n) = -22*n - 926. Let i be b(-42). Let m(j) = -5*j - 2. Determine m(i).
8
Let d(t) = -t**3 + 7*t**2 - t + 5. Let x be d(7). Let j(c) = c**3 + 4*c**2 + 3*c + 3. Calculate j(x).
5
Let r(b) = 9*b**2 + 7*b + 1. Suppose 3*t - 8*t + 21 = -g, -5*g - 5 = -5*t. Let c(j) = j**2 + j. Let k(s) = g*c(s) - r(s). Let m be 1 - 3/3*3. Calculate k(m).
-15
Let q(s) = -s - 1 + 3 - 4. Let o(h) be the second derivative of -h**4/6 + 23*h**3/6 - 7*h**2 + 57*h. Let y be o(11). What is q(y)?
1
Let q(d) = -2*d - 6. Suppose -3*l = -4*l. Let u = 347 + -345. Suppose 5*f = -o - 9, -o + l*o = u*f + 6. Calculate q(o).
2
Let c(t) = 12*t + 101. Let i(l) = 23*l + 176. Let m be i(-8). Calculate c(m).
5
Let h(q) = 4*q - 2*q**2 - 4*q**2 + 28*q**2 - 18*q**2 - 5. Calculate h(1).
3
Let k(x) = -7*x**3 - 13*x**2 - 3*x - 14. Let h(o) = -10*o**3 - 20*o**2 - 4*o - 21. Let c be (34/6 - 4)*3. Let m(s) = c*h(s) - 7*k(s). Determine m(-9).
-16
Let c(q) be the third derivative of -7*q**4/12 + 10*q**3 - 3521*q**2 - q - 2. Determine c(6).
-24
Let l(k) = -3*k + 6. Let v = 72 + -65. Suppose 18 + 24 = -v*i. Let x(g) = g - 2. Let n(q) = i*l(q) - 17*x(q). Give n(7).
5
Let w(n) = -2*n**2 - 10*n - 12. Let z be w(-2). Let i(a) = -2*a - 8 + 3*a + z*a - 7 + 0*a. Determine i(9).
-6
Suppose 53*v - 483 - 47 = 0. Let u(d) = d**2 - 10*d + 23. Determine u(v).
23
Let x(l) = 2*l**2 + 17 + 18 + 15 - 16 + 16*l. Calculate x(-6).
10
Let j(p) = -2*p + 10. Let l(v) = 40 + v**2 + 15 - 16*v - 10*v**2 + 10*v**2. Let d be l(4). Give j(d).
-4
Let j(i) = 4*i + 2 - 4 + 3. Let p(k) = k**3 + 10*k**2 + 10*k + 14. Suppose 4*m - 52 = 4*t, -5*m + 2 = 4*t - 2*t. Let y be p(t). Determine j(y).
21
Suppose -4*a - 2*z = 12, -15*z + 3 = -a - 13*z. Let h(t) = 3*t**3 + t**2 - 7*t + 9. Determine h(a).
-42
Let z(g) = -g**2 + g + 6. Let p(t) = -t + 226. Let d be p(0). Let f = d - 226. Calculate z(f).
6
Suppose 0 = -101*p + 83*p + 702. Let x(l) = l**2 - 39*l - 9. What is x(p)?
-9
Suppose -4*j - 4 = -8. Suppose -g = j - 4. Let v(m) = m**2 - 4. What is v(g)?
5
Let r(l) = -l**3 - 12*l**2 - l - 15. Suppose 0 = -2*v + 1 + 7, 2*w = -4*v - 6. Let h be w/(385/60)*7. Give r(h).
-3
Let h(o) be the third derivative of -o**5/30 + 5*o**4/8 + 23*o**3/6 - o**2 + 2878*o. Calculate h(9).
-4
Let h(f) be the first derivative of -5*f - 16 + 3*f**2 - 1/4*f**4 + f**3. Let z(q) = -q**2 + 8*q - 7. Let b be z(6). Calculate h(b).
-25
Let c(h) = -h**3 + 10*h**2 + 7*h - 1. Suppose 59*j - 543 = 106. Calculate c(j).
-45
Let t(x) = -87*x + 337*x - 65*x + x**3 + 22*x**2 - 32 - 130*x. Determine t(-19).
6
Let s(l) = -l**2 - 15*l - 47. Let b be s(-5). Suppose -3*i = -b*h - 2 + 11, h - 21 = -5*i. Let o(f) = 6*f - 7. Calculate o(h).
29
Let w(u) = -6*u**3 - u**2 - 3*u + 1. Let a(o) = -18*o**3 - 3*o**2 - 10*o + 4. Let f = -219 + 221. Let l(n) = f*a(n) - 7*w(n). Calculate l(-1).
-5
Let f = -171 - -161. Let v be ((-24)/f)/(-4) - (-36)/10. Let q(b) = -2*b + 2*b**2 - 2*b - 4*b**2 + 1 + 4*b**2. What is q(v)?
7
Let x(y) = -8*y - 6. Let h be (-14 + (-1056)/(-60))/(4/10). Suppose 2*c + 20 = 6*v - h*v, -3*c = 4*v + 28. Give x(c).
26
Let u be 96/(-960)*(-5)/6. Let m(k) be the second derivative of -2*k + u*k**4 + 1/6*k**3 + 0 + 13/2*k**2. Calculate m(0).
13
Let u(m) = m**2 + m + 4. Let i be (-14)/(-4) - 2/(-4 - -8). Suppose 9 = j - 5*r - 8, 0 = r + i. Suppose 6 = -c + j*l, 0 = 3*c + 2*l - 3*l + 3. What is u(c)?
4
Let u(a) = -a**3 + 14*a**2 - 18*a + 11. Let c(q) = 14*q**2 - 56*q + 68. Let v be c(2). Give u(v).
83
Let u(c) = -64 + 29 + 28 - 4*c - 2*c. Let d be u(0). Let r(o) = -4*o + 1. What is r(d)?
29
Suppose -4*y = -4*o, -18 = -o - 2*y - 3. Suppose -o*v = -d - 32, -2*d = -25*v + 27*v + 4. Let n(p) = -1 - 3 - 4*p - 4*p - p**2. Determine n(d).
3
Let a(z) be the second derivative of 0*z**2 + 1/40*z**5 + 0 + 19/12*z**4 - 1/720*z**6 + 14*z + 0*z**3. Let p(l) be the third derivative of a(l). Give p(7).
-4
Let i be (65/(-15))/(63/459) + (-18)/42. Let p(a) = -a**3 - 31*a**2 + 32*a - 6. Determine p(i).
-6
Let i(c) = -c**3 - 12*c**2 - c - 16. Let z(v) = 3*v**2 + 20*v - 7. Let s be z(-7). Suppose x = -s - 12. Calculate i(x).
-4
Suppose 5*r - 3 = 27. Let k(f) = -r*f + 2502 - 2502. Give k(-2).
12
Let u(x) be the third derivative of -x**8/20160 + x**7/1680 + x**6/180 + x**5/3 + x**3/3 + 5*x**2. Let w(s) be the third derivative of u(s). Determine w(-2).
-6
Suppose 4*q - 2*q = 22. Let t(p) be the second derivative of -p**3/6 + 5*p**2/2 + 158*p + 1. What is t(q)?
-6
Suppose 0 = 64*z + 517 + 123. Let j(v) = 2*v + 3. Calculate j(z).
-17
Let g(r) = -18*r + 12. Let d be g(5). Let x = d - -84. Let q(c) = -3 - 5*c + 7*c**2 + 2*c**3 - 1 - 3*c**3 + 1. What is q(x)?
3
Let s(j) = j + 4. Suppose -5*m = 10, -2 = y + 3*m + 3. Let z be 6 - 1 - (5 - y). Let r be s(z). Let k(n) = -n**3 + 6*n**2 - 8*n + 4. Determine k(r).
-11
Let o(b) be the third derivative of -b**6/180 - b**5/30 - 5*b**4/24 + 151*b**3/6 - 23*b**2 + 2. Let l(i) be the first derivative of o(i). Calculate l